 r(s) = -3*s**2 - 12. Suppose 0 = 64*i + 52*i - 92*i. Give r(i).
-12
Let t(m) = 8*m**2 + 33*m + 2. Let h(g) = -17*g**2 - 81*g - 6. Let d(j) = -2*h(j) - 5*t(j). What is d(4)?
-106
Let o be -1 + (-1 - 387) - -4. Let a be (77/o)/((-12)/10 + 1). Let r(k) = -8*k**3 + k**2 - 2*k + 1. Determine r(a).
-8
Let p(v) = 13*v**3 + 5*v**2 + 22*v - 3. Let w(q) = -15*q**3 - 5*q**2 - 26*q + 2. Let z(h) = 7*p(h) + 6*w(h). Suppose 0 = -5*k - 27 - 3. Give z(k).
-33
Suppose -3*z = -z + 6. Let o be -5 - (-2)/(-1 - z). Let h(s) = -5*s + 107 - 173 + 63. Determine h(o).
17
Let i(b) = -b - 16. Suppose -9 = 32*k - 23*k. Let y be (5 - 8/12)*3/k. Calculate i(y).
-3
Suppose 263*n + 61 = 259*n - 3*w, 0 = 4*n + 4*w + 64. Let b(g) = 13*g - 12*g**2 - 6*g**3 - 15 - g**3 + 12*g**3 - 6*g**3. Give b(n).
-15
Let k be (3 + (-10 - -3) + 6)*1. Let v(a) = a**3 + a**2 - 3*a + 4. Give v(k).
10
Let f(t) = -17*t + 200. Let g(n) = n**3 - 3*n**2 + 10*n - 18. Let c be g(3). Determine f(c).
-4
Let v(w) = -9*w - 117. Let s = -8863 - -8852. Determine v(s).
-18
Let d(c) = -c**3 + 12*c**2 - 12*c + 13. Let r(k) = k**3 - 10*k**2 - 144*k + 11. Let x be r(18). Calculate d(x).
2
Let f = 116 - 102. Let w(b) = f - 186*b - 5 + 96*b + 91*b. Let u be (-12)/2*(-5)/(-3). Give w(u).
-1
Let j(i) be the second derivative of i**5/20 - i**4 + i**3/6 + 11*i**2/2 + 904*i. Give j(12).
23
Let o(a) = -4*a**2 - 23*a + 19. Let d(y) = -5*y**2 - 24*y + 16. Let r(i) = -5*d(i) + 6*o(i). Let m be r(16). Let x(q) = 4*q. What is x(m)?
8
Suppose 4*h + 4*b = 1 + 39, b = -4*h + 34. Let r(m) = 5*m - 6*m + 7 + h - 6. Suppose -4*a + 8*t - 7*t = -24, -a = 3*t - 19. Give r(a).
2
Let d = 1392 - 1381. Let w(z) be the first derivative of d*z - 1/2*z**2 - 27. What is w(9)?
2
Let o be ((-140)/(-175))/((-3)/((-15)/(-2))). Let g be (9 + -4 + -6)*(o + 3). Let z(m) = -m**3 - 2*m**2 - 2*m - 2. Calculate z(g).
-1
Let p(n) = 5*n - 26. Suppose -2*i - m + 205 - 202 = 0, i = 5*m + 29. Determine p(i).
-6
Let b = 255 + -251. Suppose -11*g = -b*g + 7. Let o(u) = u**2 - u. Determine o(g).
2
Let j be (-21 - -23)/(-4 + 27/7) - 1. Let h(u) = u**2 + 13*u - 15. Calculate h(j).
15
Let r = -766 - -503. Let q = r - -261. Let n(z) = -2*z + 2. Calculate n(q).
6
Let h(t) = t**3 - 6*t**2 + 6*t. Let v = -166 - -167. Let u be 2/(-7*v/(-14)). Calculate h(u).
-8
Let y(a) = 69*a**2 + 100*a**2 - 168*a**2 - 7 - a. Calculate y(4).
5
Let o be 24/(-132) + (-16200)/(-44). Let l = 367 - o. Let i(s) = 15*s + 2. Give i(l).
-13
Let b be (-6)/(-7)*(-686)/(-441). Let g(s) be the first derivative of -s**2 - 4*s - 1/4*s**4 + b*s**3 - 28. Give g(3).
-1
Let p(w) be the second derivative of -1/6*w**3 - 114*w - 5/2*w**2 + 0. Give p(-4).
-1
Let m(l) = 0*l**2 - 8*l**2 + 3 + 7*l**2 + 3*l + 3 - 8*l. Let y = 1 + -8. Calculate m(y).
-8
Let f(t) = -2*t**3 - 15*t**2 - 5*t. Let c be f(-11). Suppose -103 = 17*m - c. Let a(g) = 48*g**2 + 0 + 0*g + 5*g - 1 - m*g**2. Determine a(-4).
-5
Let f(r) = r**3 - r**2 + 4*r - 3. Let m = 27764 + -27761. Determine f(m).
27
Let x be (-124)/30 - (-26)/195. Let l(j) = -j**2 - 2*j + 9. Let q be l(x). Suppose 4 = 2*t - p, 3*t + 3*p + q = 7. Let w(m) = 3*m**2 - 3*m + 1. Calculate w(t).
7
Let f(i) = -2*i**2 - 11*i - 9. Let t be f(-4). Suppose -2*u = -m + 5, 4*m + t*u = 7*u + 16. Let x(l) = 0*l**2 - 9*l**2 + 3 + 8*l**2. Give x(m).
-6
Let m(u) = -234*u + 1644. Let r be m(7). Let o(t) = 3*t - 6. Give o(r).
12
Let d(u) = -181*u + 354*u - 18 - 172*u. Determine d(23).
5
Let w(t) = 8*t + 7. Suppose 51*d = -143 + 41. Calculate w(d).
-9
Suppose -5*t - 42 = -3*p + 16, -5*t - 36 = -p. Let s(k) = 2*k + 12*k**2 + 4 - 3*k**2 - 7*k + 10*k**3 - p*k**3. Determine s(8).
28
Let r be 3/(-4) - (-1023)/132. Let i(s) = -52 + 50 + 8*s - r*s**2 + 6*s**2. Determine i(4).
14
Let g(j) be the second derivative of j**3/6 - 9*j**2/2 - j. Let o(b) = -113*b + 462. Let c be o(4). Determine g(c).
1
Let l(d) = 89 - 4*d + 84 - 377 + 86 + 120. What is l(-3)?
14
Let c(b) = 5*b**2 - 3*b + 7. Let g(l) = 2*l**2 - 2*l + 3. Let h(u) = 3*c(u) - 7*g(u). Suppose -1058 = 148*q - 762. What is h(q)?
-6
Let a(x) be the second derivative of x**5/20 - 37*x**4/12 + x**3/6 - 21*x**2 + 783*x. Give a(37).
-5
Let s(z) = z**3 - 10*z**2 + 4. Let l(x) = 125*x - 70 - 75*x - 70*x. Let w be l(-4). Give s(w).
4
Let w(o) = o**3 - o**2 + 6. Let f be w(0). Let v(j) = -4*j + 7*j - 1 - f*j. Calculate v(-3).
8
Suppose -4*h - b = -4, -3*b + 16 = -5*h + b. Suppose -3 = -a - h*a, -8 = -2*k + 2*a. Let z(w) = -w + 3. Calculate z(k).
-4
Let a(z) = -z**2 - 1. Let w(s) = -6*s**2 + 13*s + 26. Let h = -361 - -366. Let i(b) = h*a(b) - w(b). Determine i(15).
-1
Suppose 22 = 1654*w - 1649*w - 2*l, -12*l = 192. Let q = 5 - 3. Let a(p) = -q - 3*p + 5*p + 1. Determine a(w).
-5
Let m(l) = 3*l + 5. Suppose -77 = -i - 3*h - 507, 3*h + 2102 = -5*i. Let w = i - -416. What is m(w)?
-1
Let g = -10 + 12. Let c(f) = -2*f - 4 + 0 + f + g. Let p be ((12 - 15) + 2)*-2. What is c(p)?
-4
Let k(x) = -14*x - 93. Suppose 0 = 63*t - 123*t - 420. Determine k(t).
5
Let o = -167 - -174. Let j(z) = -4*z + 3*z - o + 3*z + 13. What is j(-4)?
-2
Let c(p) = -2*p - 38. Let i(d) = -2*d - 73. Let y(m) = -4*c(m) + 3*i(m). What is y(0)?
-67
Suppose 5*b = -5*y - 70, y + 47*b - 52*b = 28. Let a(x) = 2*x**2 + 6*x - 2. Determine a(y).
54
Let i(j) = -25*j**2 - 40*j - 115. Let d(b) = 5*b**2 + 8*b + 22. Let n(g) = -21*d(g) - 4*i(g). Give n(-2).
-6
Let u(z) = z**3 - 7*z**2 - z - 8. Let d be (-1)/(3/15) - (190 - 4). Let k = d - -198. Determine u(k).
-15
Let n(t) = -13*t - 76125 + 76132 - 17*t. Determine n(3).
-83
Let p(q) = -30*q - 48. Let t(j) = -2*j - 3. Suppose 0 = -16*g - 670 + 142. Let a(l) = g*t(l) + 2*p(l). Give a(-3).
-15
Suppose -77*x + 106 = -24*x. Let t(p) = -5*p - 2. Let y(f) = -17*f - 7. Suppose -3*u - 26 = 5*n, -1 = -n - 2. Let s(c) = u*t(c) + x*y(c). Calculate s(1).
1
Let c(n) be the second derivative of -n**5/20 - 7*n**4/12 + 7*n**3/6 - 4*n**2 - 8*n. Suppose -3*z = -49 + 286. Let l = -87 - z. Give c(l).
0
Let a(v) = -10*v**2 + 45*v - 34. Let l(i) = -28*i**2 + 134*i - 90. Let f(c) = 17*a(c) - 6*l(c). Determine f(-18).
16
Let p be ((-2)/12)/(222/36 - 6). Let x(h) = -2*h**2 - h - 1. Let t(g) = -3*g**2 - g - 3. Let d(q) = p*x(q) + t(q). Calculate d(0).
-2
Let h(s) = -6 + 8 + s**2 + s**3 + 2*s**2. Let j be 9/21 + (-156)/(-28). Let q be ((-28)/(-8))/(-7)*j. Determine h(q).
2
Let p(l) = l**2 - l - 1. Let m be 21/(8 - 7 - 4). Let o = m + 2. Give p(o).
29
Suppose -2*k - 3 = -3*b, 3*b = -4*k + 8 + 13. Let i(j) = 0 - j**k - 1 - 2*j + 4*j**2 + 0. Suppose 2311*x = 1993*x + 636. Calculate i(x).
3
Let a(q) = q**2 + 5*q + 7. Suppose p = 3*z - 583 + 130, -2*z + 5*p = -302. Let j = -156 + z. Calculate a(j).
7
Let j(u) = 2*u + 36. Let w = -66 + 49. Let a be j(w). Let b(q) = -q**a + 2*q**2 + 3*q - 2 + 2. What is b(-3)?
0
Suppose 4*r - 14*r = 50. Let m(z) = -11 - 120*z**2 - 1 + z**3 - 2*z + 57*z**2 + 68*z**2. What is m(r)?
-2
Let l(o) = -57 + 8*o + 22 - 11. Let s be l(5). Let f(i) be the second derivative of -i**5/20 - i**4/2 + i**3/6 - i**2 - 6*i. What is f(s)?
-8
Let d(z) = 46*z**2 - 14 - 1 + 45*z**2 - 4*z - 94*z**2. Calculate d(-3).
-30
Suppose -6 = 3*u + 4*h, 83*u - 85*u = -3*h - 13. Let b(o) be the second derivative of -1/3*o**3 + 0 - 2*o - 4*o**u. Calculate b(-7).
6
Let x(r) = 16*r**2 + 5*r. Let k be (-21)/(-441) + (-44)/42. Determine x(k).
11
Let k(h) = -31*h**2 + 5 - 4*h + 2 + 53*h**2 - 23*h**2 - 42. Calculate k(-10).
-95
Let z(q) = 11*q + 2. Let u(a) = -4*a + 183. Let l be u(48). Let p be (l/(-15))/(8/(-40)). Determine z(p).
-31
Let v(d) = 13*d**2 + 19*d - 73. Let n(r) = 2*r**2 + 2*r - 1. Let l(w) = -6*n(w) + v(w). Let p(y) be the first derivative of l(y). Give p(3).
13
Let z(x) = 15*x - 117*x**2 + x**3 + 6 - 119*x**2 + 374*x**2 - 117*x**2. Determine z(-20).
106
Let c(m) = -m**2 + m. Suppose -2*n + 8 = 4*j, -3*n + 2*n = 4*j - 6. Let i(z) = -3*z - 2*z + 8*z**2 - 2*z + 4*z + z. Let u(y) = j*i(y) + 3*c(y). Give u(1).
6
Suppose -5*w + 269 = 284. Let x(s) be the third derivative of 3*s**4/8 - s**3/6 + 16*s**2. Determine x(w).
-28
Let c(l) = l**2 + 2*l - 2. Let i be (-6)/(5 + -3 + -4). Suppose -w = 3*w + x, 0 = -i*w + 5*x. Calculate c(w).
-2
Let t(n) be the first derivative of n**2 - 12*n + 3065. Determine t(4).
-4
Let k(z) = 2*z**3 + 12*z**2 - 36*z - 24. Let a be k(-8). Let h(f) = f**3 - 9*